- 2*c**2 - 3*c - 4. Let t be k(-2). Let r = t + -153. List the prime factors of r.
5, 13
Suppose -6*d + 29*d = -12328. Let f = d + 1080. List the prime factors of f.
2, 17
Let w(b) = b**3 - 6*b**2 - 8*b + 8. Let p be w(7). Let v be (-5)/(-4 - p) - -229. Let r = v + -117. What are the prime factors of r?
113
Let o(d) = 106*d + 13. Let i(h) = -320*h - 38. Let r(v) = 6*i(v) + 17*o(v). What are the prime factors of r(-8)?
937
Suppose -2*v - 217 = -1235. Suppose -u + 2*p = -v + 23, 4*p - 932 = -2*u. Suppose -2*l + 2*r + u = 0, -3*l - r + 709 = -3*r. What are the prime factors of l?
233
Let y be ((-6)/(-9) + 0)/(18/567). Let k(g) = -10 - y + 14*g - 2 - 17. List the prime factors of k(6).
2, 17
Let w(a) = -30*a**3 - 2*a**2 + 1. Let o = 29 - 34. Let h be 5/5 + o/(15/6). What are the prime factors of w(h)?
29
Suppose -r + 202 = 4*z - 107, 4*r + 402 = 5*z. Suppose z*v = 83*v - 1640. Suppose 3*o + v = 7*o. What are the prime factors of o?
2, 41
Let s = -27 - -13. What are the prime factors of (7880/s)/(36/(-126))?
2, 5, 197
Let k(c) = 69*c**2 - 4*c - 5. Let v be k(-4). Suppose 9*l = 4850 - v. What are the prime factors of l?
5, 83
Let r(w) = w**3 + 7*w**2 + 7*w + 6. Let f be r(-6). Let i(o) = 143*o - 48*o + o**2 + 114 - 51*o - 45*o. List the prime factors of i(f).
2, 3, 19
Suppose -2*o = 4*n - 25244, 218*n - 4*o - 25244 = 214*n. List the prime factors of n.
6311
Let b(h) = 285*h**2 + 38*h - 282. What are the prime factors of b(7)?
13, 29, 37
Suppose -13 + 37 = 24*k. What are the prime factors of 277/((((-6)/(-18))/k)/1)?
3, 277
Let p(u) = u**3 + 85*u**2 - 137*u - 316. What are the prime factors of p(-69)?
85313
What are the prime factors of (3 - (-80)/(-24))*101*-33?
11, 101
Let k = -40 - -60. Suppose 2*x = -10, -2*h + 7*h = -5*x - 40. What are the prime factors of h + 5/(k/256)?
61
Let h = 662 - 560. Suppose 4*t + 4*b + 39 = b, -4*t - 44 = 4*b. Let a = h - t. What are the prime factors of a?
2, 3
Suppose -2*u = -13*u - 319. Let l = -30 - u. What are the prime factors of (-452 + l)*1*(-2)/3?
2, 151
Let u(w) = 54*w - 108. Let s(t) = -214*t + 430. Let k(z) = 2*s(z) + 9*u(z). What are the prime factors of k(21)?
2, 7, 79
What are the prime factors of (-738)/(-54) + -13 - ((-100369)/3)/1?
33457
Suppose y - 3740 = 11*y. Let w = y + 534. Suppose -25*o = -21*o - w. List the prime factors of o.
2, 5
Suppose -5*m + 5 = 0, -8*c + 82 = -7*c - m. Let r = 92 - c. Let u(b) = 25*b + 7. List the prime factors of u(r).
2, 29
Let h(s) = s**2 - 2*s + 1. Let x be h(3). Suppose -x*d + 27 + 73 = 0. What are the prime factors of 914/10 + (20/d)/(-2)?
7, 13
Suppose -75*c - 467197 + 2324047 = 0. List the prime factors of c.
2, 12379
Suppose 2047 = 3*t + 2*j, 5*t = -4*j + 8*j + 3419. What are the prime factors of t?
683
Let d = 35277 + -20406. List the prime factors of d.
3, 4957
Suppose 153516 = 1636*a - 1570*a. What are the prime factors of a?
2, 1163
Let b(o) = -o**3 - 9*o**2 + 9*o - 7. Let u be b(-10). Let t be (-2)/(-9)*3 - 2/u. Let n(i) = 3*i + 98. What are the prime factors of n(t)?
2, 7
Let j = 141577 - 83425. What are the prime factors of j?
2, 3, 2423
List the prime factors of (4/6)/((-12)/83574)*(-5 + 1).
2, 4643
Let o(t) be the third derivative of 23*t**5/60 - t**4/6 + t**3/6 + 57*t**2. List the prime factors of o(-1).
2, 7
Suppose 0 = k - 1, j - 716 = -128*k + 124*k. List the prime factors of j.
2, 89
Let n = 48 - 33. Let g(u) = -u + n*u**2 + 13*u**2 - 6 - 27*u**2. What are the prime factors of g(-6)?
2, 3
Let k(s) = 81*s**2 - 175*s - 118. List the prime factors of k(15).
2, 7741
Let i = -348 - -498. Let c(h) = -i + 142 + h + 4*h. List the prime factors of c(2).
2
Let h = -74 - -100. Suppose -28*a + 6 = -h*a. Suppose -429 = -a*v + 3*d, 3*v - d - 421 = -2*d. What are the prime factors of v?
3, 47
Suppose 0*l - 7*l + 539 = 0. Suppose 5*t = -2*t - l. Let s(y) = -4*y + 22. List the prime factors of s(t).
2, 3, 11
Let f(p) = -1. Let z(a) = -6*a**2 + 2. Let u(m) = 2*f(m) - z(m). Suppose 9 = -v + 4*c, 18 = 4*v - 3*c + 5*c. List the prime factors of u(v).
2, 5
Let i(t) = -38*t + 241. Let g be 666/(-148)*(-20)/(-6). What are the prime factors of i(g)?
811
Let i(q) = -q**2 + 136*q + 1032. List the prime factors of i(96).
2, 3, 7, 29
Suppose 0*c + c + 168 = 0. Suppose -5*z = -8*t + 5*t + 698, 221 = t - 4*z. Let h = t + c. List the prime factors of h.
73
Let g be 6/(-1) - (48 - 0). Let p = 11 - g. What are the prime factors of p?
5, 13
Let y(r) be the first derivative of r**4/4 + 17*r**3/3 - 8*r**2 + 24*r + 41. List the prime factors of y(-17).
2, 37
Suppose 18 + 10 = 4*y. Let c(w) = -w**3 + 8*w**2 - 9*w + 13. Let r be c(y). What are the prime factors of -4 + (825*r)/(-5)?
7, 23
Suppose -3*r - 2*n + 0*n = -37398, n + 12466 = r. List the prime factors of r.
2, 23, 271
Suppose -3060 - 7594 - 1271 = -53*p. List the prime factors of p.
3, 5
Suppose -u + 3*f - 218 = -6*u, -u + 2*f + 54 = 0. Let a = u + -55. List the prime factors of (2 + 3/(-6))*(-1014)/a.
13
Let l(w) = -w**2 + 12*w + 31. Let s be l(14). Suppose 0 = -4*u + 2*t - t - 59, -5*u - s*t = 61. Let p = 17 - u. What are the prime factors of p?
31
Suppose 35*q - 39*q = 404. Let w = -218 - q. Let c = -58 - w. List the prime factors of c.
59
Suppose 499787 = 34*s - 508993. What are the prime factors of s?
2, 3, 5, 23, 43
Let o(j) = j**3 - 37*j**2 + 105*j - 83. Let y be o(34). Suppose 0 = -y*q + 4176 + 19612. What are the prime factors of q?
2, 313
What are the prime factors of (-25)/(-4) + (-108)/(-144) - (4 + -28066)?
28069
Let s be -16*(-3)/36*(-1 - -7). Let j(o) = o + 16. List the prime factors of j(s).
2, 3
Let g = 251037 - 172871. What are the prime factors of g?
2, 11, 17, 19
Let s(v) = 628*v + 230. What are the prime factors of s(13)?
2, 3, 1399
What are the prime factors of (-4)/18 - ((-517380)/27 + 7 - 13)?
2, 599
Let j = 4 - 3. Let m be (1/j)/((-2)/(-30)). List the prime factors of (-3)/m + 2 + (-1164)/(-20).
2, 3, 5
Let l be ((-92)/(-10))/(8/(-20)). Let z(d) = d**2 + 23*d + 14. Let m be z(l). Suppose k + m - 37 = 0. List the prime factors of k.
23
Suppose -31*n = -36*n + 255. Let y be -64*(n/(-6) + 5). Suppose 26*o - y = 19*o. List the prime factors of o.
2
List the prime factors of 101510/((-20)/10 - -4)*(-2)/(-10).
10151
Let b(d) = -4*d + 28. Let h be b(8). Let g be (14/(-2) - h)*38/(-3). Suppose 3*u = -g + 221. What are the prime factors of u?
61
Let s(c) = 3*c - 1. Let b be s(-14). Let n = 42 + b. What are the prime factors of ((-1)/(-2))/(n/(-324)) - 4?
2, 79
Suppose -10*y = -5*n - 9*y + 670, 10*n + 4*y = 1370. What are the prime factors of n?
3, 5
Let q(m) = -12*m**3 + 32*m**2 + 10*m + 51. What are the prime factors of q(-13)?
41, 773
Suppose -110 = 3*n - 14*n. Let z = -11 + n. List the prime factors of (z - 14)*6/(-10).
3
Let d be (-1964)/(-9) + 12/(-54). Suppose d = 2*z - 348. Let g = -153 + z. What are the prime factors of g?
2, 5, 13
Let j = -94 - -96. Let v be 0*-1*j/6 + -3. List the prime factors of 524/12 + 2/v.
43
Suppose 7*s = 19*s - 33818 - 17746. What are the prime factors of s?
4297
Let j(z) = -z**3 + 11*z**2 - 10*z + 2. Let b be j(10). Suppose 3 = -k, b*m + 3 + 4 = -5*k. Suppose -65 - 83 = -m*g. List the prime factors of g.
37
Suppose 68 = -d - 129. Let q = d - -760. Suppose -1138 = -7*c + q. List the prime factors of c.
3
Let l be 1 + 4 - 3 - 2. Suppose 5*s + 2*w - 248 = 0, -4*s = -l*s - w - 201. What are the prime factors of s?
2, 5
Let o be 28250/7 + 116/406. Let r = o - 2756. What are the prime factors of r?
2, 5
Let u(f) be the first derivative of 7*f**4/2 - 8*f**3/3 + 7*f**2 - 4*f - 106. What are the prime factors of u(4)?
2, 5, 41
List the prime factors of 245/(-14)*(-158214)/147.
5, 3767
Suppose -9431 = 9*z - 638. Let n = -647 - z. What are the prime factors of n?
2, 3, 5, 11
Let a(j) = 44*j**2 + 10*j - 406. List the prime factors of a(17).
2, 3, 5, 13
Let h be 0 - (13 - 1)/(-2). Let b = -6 - -10. Suppose 0 = 4*u, a - b*u = -h*u + 49. What are the prime factors of a?
7
Let o(p) = -18 - 18*p + 33 + 3*p**2 - 2*p**2 + 2*p**2. Let h be o(9). Let l = h - -185. List the prime factors of l.
281
Suppose -4*d = -7*d + 12. Suppose -3*m = d*m - 2807. Suppose -m = -5*o + 3*q, -o - 36 + 121 = -3*q. What are the prime factors of o?
79
Let o be 6/45*6 - 24930/(-25). Suppose 2*h + 2*w = 3*h - 479, 0 = 